 the thousands digit of 8594165?
4
What is the tens digit of 1053883?
8
What is the hundreds digit of 91986?
9
What is the units digit of 1153570?
0
What is the hundreds digit of 185541?
5
What is the tens digit of 188278?
7
What is the hundred thousands digit of 3511606?
5
What is the hundreds digit of 22667062?
0
What is the ten thousands digit of 3872288?
7
What is the units digit of 539329?
9
What is the hundred thousands digit of 921425?
9
What is the tens digit of 94205?
0
What is the hundreds digit of 2933527?
5
What is the thousands digit of 145823?
5
What is the thousands digit of 34684921?
4
What is the hundreds digit of 1121268?
2
What is the units digit of 3733839?
9
What is the hundreds digit of 31948140?
1
What is the thousands digit of 725904?
5
What is the hundreds digit of 104498?
4
What is the tens digit of 414556?
5
What is the ten thousands digit of 27579778?
7
What is the units digit of 392869?
9
What is the units digit of 424865?
5
What is the tens digit of 23988677?
7
What is the tens digit of 136971?
7
What is the hundreds digit of 479634?
6
What is the millions digit of 1419042?
1
What is the ten thousands digit of 550582?
5
What is the hundred thousands digit of 501520?
5
What is the ten thousands digit of 20468536?
6
What is the millions digit of 28214667?
8
What is the hundred thousands digit of 9294047?
2
What is the hundreds digit of 953759?
7
What is the hundred thousands digit of 248332?
2
What is the millions digit of 1372864?
1
What is the thousands digit of 438745?
8
What is the hundred thousands digit of 431993?
4
What is the hundred thousands digit of 136623?
1
What is the hundred thousands digit of 1232063?
2
What is the ten thousands digit of 812706?
1
What is the hundreds digit of 3468962?
9
What is the thousands digit of 104553?
4
What is the thousands digit of 16488?
6
What is the ten thousands digit of 287165?
8
What is the thousands digit of 4910109?
0
What is the hundreds digit of 1051687?
6
What is the thousands digit of 355974?
5
What is the hundred thousands digit of 124713?
1
What is the hundred thousands digit of 2875966?
8
What is the thousands digit of 237074?
7
What is the hundred thousands digit of 4907458?
9
What is the hundreds digit of 2538712?
7
What is the tens digit of 1582516?
1
What is the hundreds digit of 1122240?
2
What is the thousands digit of 106579?
6
What is the tens digit of 25175?
7
What is the millions digit of 3023022?
3
What is the thousands digit of 1445103?
5
What is the thousands digit of 9900850?
0
What is the ten thousands digit of 2551076?
5
What is the millions digit of 1295035?
1
What is the thousands digit of 5797095?
7
What is the thousands digit of 549798?
9
What is the thousands digit of 14212236?
2
What is the tens digit of 207978?
7
What is the ten thousands digit of 512344?
1
What is the tens digit of 2890436?
3
What is the units digit of 3480352?
2
What is the hundred thousands digit of 18674556?
6
What is the millions digit of 1264033?
1
What is the tens digit of 17212193?
9
What is the hundreds digit of 1747398?
3
What is the thousands digit of 153527?
3
What is the units digit of 784755?
5
What is the thousands digit of 2836341?
6
What is the thousands digit of 246456?
6
What is the hundred thousands digit of 240761?
2
What is the ten thousands digit of 4364668?
6
What is the units digit of 544867?
7
What is the units digit of 707977?
7
What is the hundred thousands digit of 10887453?
8
What is the tens digit of 2539904?
0
What is the hundred thousands digit of 248515?
2
What is the hundred thousands digit of 483102?
4
What is the units digit of 9993896?
6
What is the thousands digit of 3045115?
5
What is the ten thousands digit of 1989335?
8
What is the hundred thousands digit of 1688718?
6
What is the tens digit of 1301028?
2
What is the units digit of 5904271?
1
What is the ten thousands digit of 18189997?
8
What is the hundred thousands digit of 436128?
4
What is the millions digit of 2437992?
2
What is the millions digit of 1563601?
1
What is the hundreds digit of 270005?
0
What is the tens digit of 2626286?
8
What is the tens digit of 3114147?
4
What is the ten thousands digit of 423367?
2
What is the thousands digit of 3196824?
6
What is the tens digit of 573584?
8
What is the units digit of 337092?
2
What is the hundreds digit of 85016?
0
What is the hundreds digit of 139617?
6
What is the hundred thousands digit of 178782?
1
What is the tens digit of 354671?
7
What is the hundred thousands digit of 9633666?
6
What is the thousands digit of 25227?
5
What is the ten thousands digit of 384718?
8
What is the ten thousands digit of 863407?
6
What is the ten thousands digit of 1211800?
1
What is the units digit of 16543016?
6
What is the thousands digit of 403489?
3
What is the thousands digit of 2510691?
0
What is the ten thousands digit of 4262158?
6
What is the ten thousands digit of 1069751?
6
What is the units digit of 1108212?
2
What is the hundreds digit of 103646?
6
What is the units digit of 9238782?
2
What is the units digit of 370557?
7
What is the thousands digit of 524244?
4
What is the units digit of 30446?
6
What is the units digit of 5283695?
5
What is the millions digit of 18500870?
8
What is the units digit of 3018212?
2
What is the units digit of 4296995?
5
What is the units digit of 226787?
7
What is the hundreds digit of 218258?
2
What is the units digit of 252814?
4
What is the hundreds digit of 1697162?
1
What is the tens digit of 7730967?
6
What is the hundred thousands digit of 22107332?
1
What is the tens digit of 120677?
7
What is the ten thousands digit of 1661640?
6
What is the hundreds digit of 277516?
5
What is the thousands digit of 122503?
2
What is the tens digit of 31775167?
6
What is the millions digit of 1089378?
1
What is the hundred thousands digit of 7790825?
7
What is the tens digit of 35306448?
4
What is the thousands digit of 2521488?
1
What is the ten thousands digit of 15847749?
4
What is the ten thousands digit of 5652833?
5
What is the units digit of 1956211?
1
What is the hundreds digit of 13194745?
7
What is the units digit of 234904?
4
What is the hundred thousands digit of 4277830?
2
What is the tens digit of 489771?
7
What is the hundreds digit of 1151649?
6
What is the thousands digit of 1578139?
8
What is the tens digit of 798415?
1
What is the tens digit of 330579?
7
What is the ten thousands digit of 241190?
4
What is the hundred thousands digit of 1164588?
1
What is the hundreds digit of 31179?
1
What is the tens digit of 500210?
1
What is the hundreds digit of 93579?
5
What is the thousands digit of 496405?
6
What is the hundreds digit of 79042?
0
What is the units digit of 4100439?
9
What is the ten thousands digit of 571179?
7
What is the hundreds digit of 1967493?
4
What is the tens digit of 2776102?
0
What is the units digit of 106301?
1
What is the hundred thousands digit of 1830414?
8
What is the millions digit of 1544327?
1
What is the thousands digit of 3521859?
1
What is the hundreds digit of 96028?
0
What is the thousands digit of 370180?
0
What is the thousands digit of 7150449?
0
What is the hundreds digit of 3849510?
5
What is the thousands digit of 256982?
6
What is the units digit of 14883?
3
What is the hundreds digit of 2405348?
3
What is the units digit of 5899791?
1
What is the thousands digit of 248719?
8
What is the tens digit of 12201590?
9
What is the ten thousands digit of 338291?
3
What is the thousands digit of 19429?
9
What is the hundreds digit of 196680?
6
What is the hundreds digit of 1118499?
4
What is the thousands digit of 258273?
8
What is the hundred thousands digit of 13570059?
5
What is the millions digit of 6769390?
6
What is the units digit of 178122?
2
What is the tens digit of 183312?
1
What is the thousands digit of 4916948?
6
What is the hundreds digit of 307364?
3
What is the thousands digit of 179004?
9
What is the thousands digit of 2702311?
2
What is the units digit of 286277?
7
What is the hundred thousands digit of 1338552?
3
What is the units digit of 12635901?
1
What is the ten thousands digit of 2405908?
0
What is the hundred thousands digit of 4273003?
2
What is the units digit of 27210164?
4
What is the units digit of 1592018?
8
What